{"id":31,"date":"2025-06-23T20:02:41","date_gmt":"2025-06-23T18:02:41","guid":{"rendered":"https:\/\/www.gartenhaus-yoga.de\/?page_id=31"},"modified":"2026-03-14T11:24:58","modified_gmt":"2026-03-14T10:24:58","slug":"vermietung","status":"publish","type":"page","link":"https:\/\/www.canalettostudio.de\/index.php\/vermietung\/","title":{"rendered":"Vermietung"},"content":{"rendered":"\n<h2 class=\"wp-block-heading\">R\u00e4umlichkeiten &amp; Ausstattung<\/h2>\n\n\n\n<p>Im Dachgescho\u00df findest du unseren hellen Studioraum (120qm f\u00fcr ca. 30 Personen), mit Fenstern in S\u00fcd-, West- und Nord-Ausrichtung. Sowie einen Sanit\u00e4rbereich mit zwei WCs und Waschtisch.<\/p>\n\n\n\n<p>Das gesamte Dachgescho\u00df mit Treppenaufgang ist mit Holz ausgekleidet und bietet ein wunderbar nat\u00fcrliches Raumklima.  Die gesamte Etage ist taschenfreier Barfu\u00df-Bereich.<\/p>\n\n\n\n<p>Im Erdgescho\u00df gibt es eine Teek\u00fcche mit Sitzbereich, sowie die Ankunftszone mit Taschenregal, Kleider- und Schuhablage.<\/p>\n\n\n\n<p>Im Gartenbereich steht dir eine private Wiese unter Gingko-B\u00e4umen zur Mitnutzung zur Verf\u00fcgung. Fahrr\u00e4der k\u00f6nnen deine Kursteilnehmenden vor dem Haus abstellen.<\/p>\n\n\n\n<h2 class=\"wp-block-heading\">Nutzungsm\u00f6glichkeiten<\/h2>\n\n\n\n<ul class=\"wp-block-list\">\n<li>Kurse, Ausbilderkurse, Workshops, Retreats, Zeremonien, Coachings in privater Atmosph\u00e4re<\/li>\n\n\n\n<li>Verschiedene Formen des Yoga, Pilates, Meditation, Shiatsu, Tai Chi, Massage &amp; mehr<\/li>\n\n\n\n<li>Optional steht hochwertiges Leihmaterial bereit (z.B. Matten, Decken und Bl\u00f6cke)<\/li>\n<\/ul>\n\n\n\n<h2 class=\"wp-block-heading\">Anbindung<\/h2>\n\n\n\n<p>Per Rad oder zu Fu\u00df direkt \u00fcber den Elberadweg, von der Innenstadt via Augustusbr\u00fccke, von der Neust\u00e4dter Seite vom Goldenen Reiter aus, oder mit Stra\u00dfenbahn-Haltestellen &#8222;Neust\u00e4dter Markt&#8220; zu erreichen. <\/p>\n\n\n\n<h2 class=\"wp-block-heading\">Freie Zeiten zur Einmietung<\/h2>\n\n\n\n<p>F\u00fcr regelm\u00e4\u00dfige Kurs-Einmietungen sind aktuell folgende Zeiten verf\u00fcgbar:<br><br>MO &#8211; 08:00 bis 17:30 Uhr<br>DI &#8211; 08:00 bis 17:00 Uhr<br>MI &#8211; 08:00 bis 17:00 Uhr<br>DO &#8211; 08:00 bis 17:45 Uhr<br>FR &#8211; 08:00 bis 16:00 Uhr, 20:00 bis 21:00 Uhr<br>SA\/SO &#8211; gerne auf Anfrage<\/p>\n\n\n\n<p>Dar\u00fcber hinaus sind einmalige oder tageweise Einmietungen und Sonderformate gelegentlich m\u00f6glich. Gern gestalten wir auch deinen Firmen- oder Teamevent mit dir zusammen.<br><br>Sende uns gern <a href=\"https:\/\/www.canalettostudio.de\/index.php\/kontakt\/\" data-type=\"page\" data-id=\"32\" target=\"_blank\" rel=\"noreferrer noopener\">deine Anfrage<\/a>!<\/p>\n\n\n\n<figure class=\"wp-block-gallery has-nested-images columns-default is-cropped wp-block-gallery-2 is-layout-flex wp-block-gallery-is-layout-flex\">\n<figure class=\"wp-block-image size-medium wp-duotone-unset-1\"><img loading=\"lazy\" decoding=\"async\" width=\"252\" height=\"300\" data-id=\"169\" src=\"https:\/\/www.gartenhaus-yoga.de\/wp-content\/uploads\/2025\/08\/Yogastudio-Gartenhaus_Kurs_credit-Junephotostories-1-252x300.png\" alt=\"Yogastudio Gartenhaus Kursraum Yogakurs. Photo: junephotostories.de\" class=\"wp-image-169\" srcset=\"https:\/\/www.canalettostudio.de\/wp-content\/uploads\/2025\/08\/Yogastudio-Gartenhaus_Kurs_credit-Junephotostories-1-252x300.png 252w, https:\/\/www.canalettostudio.de\/wp-content\/uploads\/2025\/08\/Yogastudio-Gartenhaus_Kurs_credit-Junephotostories-1.png 490w\" sizes=\"auto, (max-width: 252px) 100vw, 252px\" \/><\/figure>\n\n\n\n<figure class=\"wp-block-image size-medium\"><img loading=\"lazy\" decoding=\"async\" width=\"260\" height=\"300\" data-id=\"165\" src=\"https:\/\/www.gartenhaus-yoga.de\/wp-content\/uploads\/2025\/08\/Yogastudio_Gartenhaus_Aerial-Kurs-260x300.jpg\" alt=\"Yogastudio Gartenhaus Kursraum Aerial-Yoga\" class=\"wp-image-165\" srcset=\"https:\/\/www.canalettostudio.de\/wp-content\/uploads\/2025\/08\/Yogastudio_Gartenhaus_Aerial-Kurs-260x300.jpg 260w, https:\/\/www.canalettostudio.de\/wp-content\/uploads\/2025\/08\/Yogastudio_Gartenhaus_Aerial-Kurs-768x886.jpg 768w, https:\/\/www.canalettostudio.de\/wp-content\/uploads\/2025\/08\/Yogastudio_Gartenhaus_Aerial-Kurs.jpg 867w\" sizes=\"auto, (max-width: 260px) 100vw, 260px\" \/><\/figure>\n\n\n\n<figure class=\"wp-block-image size-medium is-style-default\"><img loading=\"lazy\" decoding=\"async\" width=\"300\" height=\"213\" data-id=\"168\" src=\"https:\/\/www.gartenhaus-yoga.de\/wp-content\/uploads\/2025\/08\/Yogastudio_Gartenhaus_Kursraum_credit-junephotostories-300x213.jpg\" alt=\"Yogastudio Gartenhaus Blick in einen Teil des Kursraums\" class=\"wp-image-168\" srcset=\"https:\/\/www.canalettostudio.de\/wp-content\/uploads\/2025\/08\/Yogastudio_Gartenhaus_Kursraum_credit-junephotostories-300x213.jpg 300w, https:\/\/www.canalettostudio.de\/wp-content\/uploads\/2025\/08\/Yogastudio_Gartenhaus_Kursraum_credit-junephotostories-1024x729.jpg 1024w, https:\/\/www.canalettostudio.de\/wp-content\/uploads\/2025\/08\/Yogastudio_Gartenhaus_Kursraum_credit-junephotostories-768x546.jpg 768w, https:\/\/www.canalettostudio.de\/wp-content\/uploads\/2025\/08\/Yogastudio_Gartenhaus_Kursraum_credit-junephotostories-1536x1093.jpg 1536w, https:\/\/www.canalettostudio.de\/wp-content\/uploads\/2025\/08\/Yogastudio_Gartenhaus_Kursraum_credit-junephotostories.jpg 2000w\" sizes=\"auto, (max-width: 300px) 100vw, 300px\" \/><\/figure>\n\n\n\n<figure class=\"wp-block-image size-large\"><img loading=\"lazy\" decoding=\"async\" width=\"1024\" height=\"770\" data-id=\"167\" src=\"https:\/\/www.gartenhaus-yoga.de\/wp-content\/uploads\/2025\/08\/Yogastudio_Gartenhaus_Workshop-1024x770.jpg\" alt=\"Yogastudio Gartenhaus Kursraum Shiatsu Workshop\" class=\"wp-image-167\" srcset=\"https:\/\/www.canalettostudio.de\/wp-content\/uploads\/2025\/08\/Yogastudio_Gartenhaus_Workshop-1024x770.jpg 1024w, https:\/\/www.canalettostudio.de\/wp-content\/uploads\/2025\/08\/Yogastudio_Gartenhaus_Workshop-300x226.jpg 300w, https:\/\/www.canalettostudio.de\/wp-content\/uploads\/2025\/08\/Yogastudio_Gartenhaus_Workshop-768x578.jpg 768w, https:\/\/www.canalettostudio.de\/wp-content\/uploads\/2025\/08\/Yogastudio_Gartenhaus_Workshop.jpg 1353w\" sizes=\"auto, (max-width: 767px) 89vw, (max-width: 1000px) 54vw, (max-width: 1071px) 543px, 580px\" \/><\/figure>\n\n\n\n<figure class=\"wp-block-image size-large\"><img loading=\"lazy\" decoding=\"async\" width=\"1024\" height=\"576\" data-id=\"14\" src=\"https:\/\/www.gartenhaus-yoga.de\/wp-content\/uploads\/2025\/06\/20230610_142229-1024x576.jpeg\" alt=\"Yogastudio Gartenhaus Outdoor Wiese Canalettoblick\" class=\"wp-image-14\" srcset=\"https:\/\/www.canalettostudio.de\/wp-content\/uploads\/2025\/06\/20230610_142229-1024x576.jpeg 1024w, https:\/\/www.canalettostudio.de\/wp-content\/uploads\/2025\/06\/20230610_142229-300x169.jpeg 300w, https:\/\/www.canalettostudio.de\/wp-content\/uploads\/2025\/06\/20230610_142229-768x432.jpeg 768w, https:\/\/www.canalettostudio.de\/wp-content\/uploads\/2025\/06\/20230610_142229-1536x864.jpeg 1536w, https:\/\/www.canalettostudio.de\/wp-content\/uploads\/2025\/06\/20230610_142229.jpeg 1600w\" sizes=\"auto, (max-width: 767px) 89vw, (max-width: 1000px) 54vw, (max-width: 1071px) 543px, 580px\" \/><\/figure>\n<\/figure>\n\n\n\n<p class=\"has-text-align-right\"><em>Photos 1 &amp; 3 by junephotostories.de<\/em><\/p>\n\n\n\n<p><\/p>\n","protected":false},"excerpt":{"rendered":"<p>R\u00e4umlichkeiten &amp; Ausstattung Im Dachgescho\u00df findest du unseren hellen Studioraum (120qm f\u00fcr ca. 30 Personen), mit Fenstern in S\u00fcd-, West- und Nord-Ausrichtung. Sowie einen Sanit\u00e4rbereich mit zwei WCs und Waschtisch. Das gesamte Dachgescho\u00df mit Treppenaufgang ist mit Holz ausgekleidet und bietet ein wunderbar nat\u00fcrliches Raumklima. Die gesamte Etage ist taschenfreier Barfu\u00df-Bereich. Im Erdgescho\u00df gibt es &hellip; <\/p>\n<p class=\"link-more\"><a href=\"https:\/\/www.canalettostudio.de\/index.php\/vermietung\/\" class=\"more-link\"><span class=\"screen-reader-text\">\u201eVermietung\u201c<\/span> weiterlesen<\/a><\/p>\n","protected":false},"author":1,"featured_media":14,"parent":0,"menu_order":0,"comment_status":"closed","ping_status":"closed","template":"","meta":{"footnotes":"[]"},"class_list":["post-31","page","type-page","status-publish","has-post-thumbnail","hentry"],"_links":{"self":[{"href":"https:\/\/www.canalettostudio.de\/index.php\/wp-json\/wp\/v2\/pages\/31","targetHints":{"allow":["GET"]}}],"collection":[{"href":"https:\/\/www.canalettostudio.de\/index.php\/wp-json\/wp\/v2\/pages"}],"about":[{"href":"https:\/\/www.canalettostudio.de\/index.php\/wp-json\/wp\/v2\/types\/page"}],"author":[{"embeddable":true,"href":"https:\/\/www.canalettostudio.de\/index.php\/wp-json\/wp\/v2\/users\/1"}],"replies":[{"embeddable":true,"href":"https:\/\/www.canalettostudio.de\/index.php\/wp-json\/wp\/v2\/comments?post=31"}],"version-history":[{"count":28,"href":"https:\/\/www.canalettostudio.de\/index.php\/wp-json\/wp\/v2\/pages\/31\/revisions"}],"predecessor-version":[{"id":267,"href":"https:\/\/www.canalettostudio.de\/index.php\/wp-json\/wp\/v2\/pages\/31\/revisions\/267"}],"wp:featuredmedia":[{"embeddable":true,"href":"https:\/\/www.canalettostudio.de\/index.php\/wp-json\/wp\/v2\/media\/14"}],"wp:attachment":[{"href":"https:\/\/www.canalettostudio.de\/index.php\/wp-json\/wp\/v2\/media?parent=31"}],"curies":[{"name":"wp","href":"https:\/\/api.w.org\/{rel}","templated":true}]}}

<h2 class="wp-block-heading">Räumlichkeiten &amp; Ausstattung</h2>



<p>Im Dachgeschoß findest du unseren hellen Studioraum (120qm für ca. 30 Personen), mit Fenstern in Süd-, West- und Nord-Ausrichtung. Sowie einen Sanitärbereich mit zwei WCs und Waschtisch.</p>



<p>Das gesamte Dachgeschoß mit Treppenaufgang ist mit Holz ausgekleidet und bietet ein wunderbar natürliches Raumklima.  Die gesamte Etage ist taschenfreier Barfuß-Bereich.</p>



<p>Im Erdgeschoß gibt es eine Teeküche mit Sitzbereich, sowie die Ankunftszone mit Taschenregal, Kleider- und Schuhablage.</p>



<p>Im Gartenbereich steht dir eine private Wiese unter Gingko-Bäumen zur Mitnutzung zur Verfügung. Fahrräder können deine Kursteilnehmenden vor dem Haus abstellen.</p>



<h2 class="wp-block-heading">Nutzungsmöglichkeiten</h2>



<ul class="wp-block-list">
<li>Kurse, Ausbilderkurse, Workshops, Retreats, Zeremonien, Coachings in privater Atmosphäre</li>



<li>Verschiedene Formen des Yoga, Pilates, Meditation, Shiatsu, Tai Chi, Massage &amp; mehr</li>



<li>Optional steht hochwertiges Leihmaterial bereit (z.B. Matten, Decken und Blöcke)</li>
</ul>



<h2 class="wp-block-heading">Anbindung</h2>



<p>Per Rad oder zu Fuß direkt über den Elberadweg, von der Innenstadt via Augustusbrücke, von der Neustädter Seite vom Goldenen Reiter aus, oder mit Straßenbahn-Haltestellen &#8222;Neustädter Markt&#8220; zu erreichen. </p>



<h2 class="wp-block-heading">Freie Zeiten zur Einmietung</h2>



<p>Für regelmäßige Kurs-Einmietungen sind aktuell folgende Zeiten verfügbar:<br><br>MO &#8211; 08:00 bis 17:30 Uhr<br>DI &#8211; 08:00 bis 17:00 Uhr<br>MI &#8211; 08:00 bis 17:00 Uhr<br>DO &#8211; 08:00 bis 17:45 Uhr<br>FR &#8211; 08:00 bis 16:00 Uhr, 20:00 bis 21:00 Uhr<br>SA/SO &#8211; gerne auf Anfrage</p>



<p>Darüber hinaus sind einmalige oder tageweise Einmietungen und Sonderformate gelegentlich möglich. Gern gestalten wir auch deinen Firmen- oder Teamevent mit dir zusammen.<br><br>Sende uns gern <a href="https://www.canalettostudio.de/index.php/kontakt/" data-type="page" data-id="32" target="_blank" rel="noreferrer noopener">deine Anfrage</a>!</p>



<figure class="wp-block-gallery has-nested-images columns-default is-cropped wp-block-gallery-2 is-layout-flex wp-block-gallery-is-layout-flex">
<figure class="wp-block-image size-medium wp-duotone-unset-1"><img loading="lazy" decoding="async" width="252" height="300" data-id="169" src="https://www.gartenhaus-yoga.de/wp-content/uploads/2025/08/Yogastudio-Gartenhaus_Kurs_credit-Junephotostories-1-252x300.png" alt="Yogastudio Gartenhaus Kursraum Yogakurs. Photo: junephotostories.de" class="wp-image-169" srcset="https://www.canalettostudio.de/wp-content/uploads/2025/08/Yogastudio-Gartenhaus_Kurs_credit-Junephotostories-1-252x300.png 252w, https://www.canalettostudio.de/wp-content/uploads/2025/08/Yogastudio-Gartenhaus_Kurs_credit-Junephotostories-1.png 490w" sizes="auto, (max-width: 252px) 100vw, 252px" /></figure>



<figure class="wp-block-image size-medium"><img loading="lazy" decoding="async" width="260" height="300" data-id="165" src="https://www.gartenhaus-yoga.de/wp-content/uploads/2025/08/Yogastudio_Gartenhaus_Aerial-Kurs-260x300.jpg" alt="Yogastudio Gartenhaus Kursraum Aerial-Yoga" class="wp-image-165" srcset="https://www.canalettostudio.de/wp-content/uploads/2025/08/Yogastudio_Gartenhaus_Aerial-Kurs-260x300.jpg 260w, https://www.canalettostudio.de/wp-content/uploads/2025/08/Yogastudio_Gartenhaus_Aerial-Kurs-768x886.jpg 768w, https://www.canalettostudio.de/wp-content/uploads/2025/08/Yogastudio_Gartenhaus_Aerial-Kurs.jpg 867w" sizes="auto, (max-width: 260px) 100vw, 260px" /></figure>



<figure class="wp-block-image size-medium is-style-default"><img loading="lazy" decoding="async" width="300" height="213" data-id="168" src="https://www.gartenhaus-yoga.de/wp-content/uploads/2025/08/Yogastudio_Gartenhaus_Kursraum_credit-junephotostories-300x213.jpg" alt="Yogastudio Gartenhaus Blick in einen Teil des Kursraums" class="wp-image-168" srcset="https://www.canalettostudio.de/wp-content/uploads/2025/08/Yogastudio_Gartenhaus_Kursraum_credit-junephotostories-300x213.jpg 300w, https://www.canalettostudio.de/wp-content/uploads/2025/08/Yogastudio_Gartenhaus_Kursraum_credit-junephotostories-1024x729.jpg 1024w, https://www.canalettostudio.de/wp-content/uploads/2025/08/Yogastudio_Gartenhaus_Kursraum_credit-junephotostories-768x546.jpg 768w, https://www.canalettostudio.de/wp-content/uploads/2025/08/Yogastudio_Gartenhaus_Kursraum_credit-junephotostories-1536x1093.jpg 1536w, https://www.canalettostudio.de/wp-content/uploads/2025/08/Yogastudio_Gartenhaus_Kursraum_credit-junephotostories.jpg 2000w" sizes="auto, (max-width: 300px) 100vw, 300px" /></figure>



<figure class="wp-block-image size-large"><img loading="lazy" decoding="async" width="1024" height="770" data-id="167" src="https://www.gartenhaus-yoga.de/wp-content/uploads/2025/08/Yogastudio_Gartenhaus_Workshop-1024x770.jpg" alt="Yogastudio Gartenhaus Kursraum Shiatsu Workshop" class="wp-image-167" srcset="https://www.canalettostudio.de/wp-content/uploads/2025/08/Yogastudio_Gartenhaus_Workshop-1024x770.jpg 1024w, https://www.canalettostudio.de/wp-content/uploads/2025/08/Yogastudio_Gartenhaus_Workshop-300x226.jpg 300w, https://www.canalettostudio.de/wp-content/uploads/2025/08/Yogastudio_Gartenhaus_Workshop-768x578.jpg 768w, https://www.canalettostudio.de/wp-content/uploads/2025/08/Yogastudio_Gartenhaus_Workshop.jpg 1353w" sizes="auto, (max-width: 767px) 89vw, (max-width: 1000px) 54vw, (max-width: 1071px) 543px, 580px" /></figure>



<figure class="wp-block-image size-large"><img loading="lazy" decoding="async" width="1024" height="576" data-id="14" src="https://www.gartenhaus-yoga.de/wp-content/uploads/2025/06/20230610_142229-1024x576.jpeg" alt="Yogastudio Gartenhaus Outdoor Wiese Canalettoblick" class="wp-image-14" srcset="https://www.canalettostudio.de/wp-content/uploads/2025/06/20230610_142229-1024x576.jpeg 1024w, https://www.canalettostudio.de/wp-content/uploads/2025/06/20230610_142229-300x169.jpeg 300w, https://www.canalettostudio.de/wp-content/uploads/2025/06/20230610_142229-768x432.jpeg 768w, https://www.canalettostudio.de/wp-content/uploads/2025/06/20230610_142229-1536x864.jpeg 1536w, https://www.canalettostudio.de/wp-content/uploads/2025/06/20230610_142229.jpeg 1600w" sizes="auto, (max-width: 767px) 89vw, (max-width: 1000px) 54vw, (max-width: 1071px) 543px, 580px" /></figure>
</figure>



<p class="has-text-align-right"><em>Photos 1 &amp; 3 by junephotostories.de</em></p>



<p></p>

<p>Räumlichkeiten &amp; Ausstattung Im Dachgeschoß findest du unseren hellen Studioraum (120qm für ca. 30 Personen), mit Fenstern in Süd-, West- und Nord-Ausrichtung. Sowie einen Sanitärbereich mit zwei WCs und Waschtisch. Das gesamte Dachgeschoß mit Treppenaufgang ist mit Holz ausgekleidet und bietet ein wunderbar natürliches Raumklima. Die gesamte Etage ist taschenfreier Barfuß-Bereich. Im Erdgeschoß gibt es &hellip; </p>
<p class="link-more"><a href="https://www.canalettostudio.de/index.php/vermietung/" class="more-link"><span class="screen-reader-text">„Vermietung“</span> weiterlesen</a></p>
